{"id":43756,"date":"2025-06-23T08:01:14","date_gmt":"2025-06-23T06:01:14","guid":{"rendered":"https:\/\/www.kvibo.si\/kvb-tjas\/product\/40612"},"modified":"2025-11-10T12:15:38","modified_gmt":"2025-11-10T11:15:38","slug":"40612","status":"publish","type":"product","link":"https:\/\/www.kvibo.si\/kvb-tjas\/product\/40612\/","title":{"rendered":"Kebab pi\u0161\u010dan\u010dji, Guda, 400 g, zm."},"content":{"rendered":"<p><b>Sestavine:<\/b> pi\u0161\u010dan\u010dje meso (90 %), \u0161krob (krompir), sol, koruzna moka, SOJA, za\u010dimbe, dekstroza, rastlinski proteini graha, rastlinske vlaknine (bambus), arome, stabilizatorji (E450, E451), sredstvo za uravnavanje kislosti (E262), zgo\u0161\u010devalca (E460, E407), antioksidant (E301).<\/p>\n<p><b>Shranjevanje:<\/b> hraniti na temperaturi pod -18 \u00b0C.<\/p>\n<p><b>Alergeni:<\/b> SOJA. Lahko vsebuje v sledovih MLEKO, JAJCA in GLUTEN.<\/p>\n<p><b>Povpre\u010dna hranilna vrednost na 100 g:<\/b><\/p>\n<table id=\"hranilna-vrednost\">\n<tr>\n<td>Energijska vrednost<\/td>\n<td>1500,0 kJ \/ 350,0 kcal<\/td>\n<\/tr>\n<tr>\n<td>Ma\u0161\u010dobe<\/td>\n<td>27,0 g<\/td>\n<\/tr>\n<tr>\n<td>od tega nenasi\u010dene ma\u0161\u010dobe<\/td>\n<td>11,0 g<\/td>\n<\/tr>\n<tr>\n<td>Ogljikovi hidrati<\/td>\n<td>8,1 g<\/td>\n<\/tr>\n<tr>\n<td>od tega sladkorji<\/td>\n<td>1,3 g<\/td>\n<\/tr>\n<tr>\n<td>Beljakovine<\/td>\n<td>19,0 g<\/td>\n<\/tr>\n<tr>\n<td>Sol<\/td>\n<td>2,5 g<\/td>\n<\/tr>\n<\/table>\n","protected":false},"excerpt":{"rendered":"<p><b>Pakiranje:<\/b> 400 g \/ # 20 x 400 g<\/p>\n","protected":false},"featured_media":43755,"template":"","meta":{"_acf_changed":false},"product_brand":[],"product_cat":[104],"product_tag":[],"class_list":{"0":"post-43756","1":"product","2":"type-product","3":"status-publish","4":"has-post-thumbnail","6":"product_cat-pripravljeni-mesni-izdelki","8":"first","9":"instock","10":"taxable","11":"shipping-taxable","12":"purchasable","13":"product-type-simple"},"acf":[],"_links":{"self":[{"href":"https:\/\/www.kvibo.si\/kvb-tjas\/wp-json\/wp\/v2\/product\/43756","targetHints":{"allow":["GET"]}}],"collection":[{"href":"https:\/\/www.kvibo.si\/kvb-tjas\/wp-json\/wp\/v2\/product"}],"about":[{"href":"https:\/\/www.kvibo.si\/kvb-tjas\/wp-json\/wp\/v2\/types\/product"}],"wp:featuredmedia":[{"embeddable":true,"href":"https:\/\/www.kvibo.si\/kvb-tjas\/wp-json\/wp\/v2\/media\/43755"}],"wp:attachment":[{"href":"https:\/\/www.kvibo.si\/kvb-tjas\/wp-json\/wp\/v2\/media?parent=43756"}],"wp:term":[{"taxonomy":"product_brand","embeddable":true,"href":"https:\/\/www.kvibo.si\/kvb-tjas\/wp-json\/wp\/v2\/product_brand?post=43756"},{"taxonomy":"product_cat","embeddable":true,"href":"https:\/\/www.kvibo.si\/kvb-tjas\/wp-json\/wp\/v2\/product_cat?post=43756"},{"taxonomy":"product_tag","embeddable":true,"href":"https:\/\/www.kvibo.si\/kvb-tjas\/wp-json\/wp\/v2\/product_tag?post=43756"}],"curies":[{"name":"wp","href":"https:\/\/api.w.org\/{rel}","templated":true}]}}