{"id":1557,"date":"2022-10-19T12:45:45","date_gmt":"2022-10-19T10:45:45","guid":{"rendered":"https:\/\/www.kvibo.si\/kvb-tjas\/?post_type=product&#038;p=1557"},"modified":"2025-11-10T12:18:40","modified_gmt":"2025-11-10T11:18:40","slug":"60149","status":"publish","type":"product","link":"https:\/\/www.kvibo.si\/kvb-tjas\/product\/60149\/","title":{"rendered":"Roglji\u010dek prazen mini, Lizzi, 130 x 23 g zm."},"content":{"rendered":"<p><b>Blagovna znamka:<\/b> Lizzi<\/p>\n<p>Predvzhajan surov zamrznjen izdelek.<\/p>\n<p><b>Sestavine:<\/b> TESTO: P\u0160ENI\u010cNA moka tip 00, rastlinska margarina (rastlinska olja in ma\u0161\u010dobe (palmino, son\u010dni\u010dno, sojino, repi\u010dno), voda, emulgator (E471), sol, sredstvo za uravnavanje kislosti (E330), arome, barvilo (E160a), voda, sladkor, JAJCA, kvas, naravni kvas (P\u0160ENI\u010cNA moka tip 00, voda), MASLO, sol, P\u0160ENI\u010cNI GLUTEN, sladna \u017eitna moka (P\u0160ENICA, JE\u010cMEN), MLE\u010cNI proteini, MLEKO v prahu, med, arome.<br \/>\nPOLIRNI SIRUP: voda, rastlinski proteini (grah, krompir in\/ali stro\u010dji fi\u017eol), son\u010dni\u010dno olje, dekstroza, maltodekstrin, \u0161krob.<\/p>\n<p><b>Shranjevanje:<\/b> hraniti pri temperaturi pod -18 \u00b0C.<\/p>\n<p><b>Alergeni:<\/b> GLUTEN, JAJCA, MLEKO. Lahko vsebuje sledi ORE\u0160KOV, SEZAMA, SULFITOV in GOR\u010cICE.<\/p>\n<p><b>Povpre\u010dna hranilna vrednost na 100 g:<\/b><\/p>\n<table id=\"hranilna-vrednost\">\n<tr>\n<td>Energijska vrednost<\/td>\n<td>1527,0 kJ \/ 364,0 kcal<\/td>\n<\/tr>\n<tr>\n<td>Ma\u0161\u010dobe<\/td>\n<td>21,2 g<\/td>\n<\/tr>\n<tr>\n<td>od tega nenasi\u010dene ma\u0161\u010dobe<\/td>\n<td>13,0 g<\/td>\n<\/tr>\n<tr>\n<td>Ogljikovi hidrati<\/td>\n<td>36,1 g<\/td>\n<\/tr>\n<tr>\n<td>od tega sladkorji<\/td>\n<td>7,7 g<\/td>\n<\/tr>\n<tr>\n<td>Beljakovine<\/td>\n<td>6,9 g<\/td>\n<\/tr>\n<tr>\n<td>Sol<\/td>\n<td>0,7 g<\/td>\n<\/tr>\n<\/table>\n","protected":false},"excerpt":{"rendered":"<p><b>Pakiranje:<\/b> cca 130 x 23 g<\/p>\n","protected":false},"featured_media":40359,"template":"","meta":{"_acf_changed":false},"product_brand":[],"product_cat":[73],"product_tag":[],"class_list":{"0":"post-1557","1":"product","2":"type-product","3":"status-publish","4":"has-post-thumbnail","6":"product_cat-sladki-pekovski-izdelki","8":"first","9":"instock","10":"taxable","11":"shipping-taxable","12":"purchasable","13":"product-type-simple"},"acf":[],"_links":{"self":[{"href":"https:\/\/www.kvibo.si\/kvb-tjas\/wp-json\/wp\/v2\/product\/1557","targetHints":{"allow":["GET"]}}],"collection":[{"href":"https:\/\/www.kvibo.si\/kvb-tjas\/wp-json\/wp\/v2\/product"}],"about":[{"href":"https:\/\/www.kvibo.si\/kvb-tjas\/wp-json\/wp\/v2\/types\/product"}],"wp:featuredmedia":[{"embeddable":true,"href":"https:\/\/www.kvibo.si\/kvb-tjas\/wp-json\/wp\/v2\/media\/40359"}],"wp:attachment":[{"href":"https:\/\/www.kvibo.si\/kvb-tjas\/wp-json\/wp\/v2\/media?parent=1557"}],"wp:term":[{"taxonomy":"product_brand","embeddable":true,"href":"https:\/\/www.kvibo.si\/kvb-tjas\/wp-json\/wp\/v2\/product_brand?post=1557"},{"taxonomy":"product_cat","embeddable":true,"href":"https:\/\/www.kvibo.si\/kvb-tjas\/wp-json\/wp\/v2\/product_cat?post=1557"},{"taxonomy":"product_tag","embeddable":true,"href":"https:\/\/www.kvibo.si\/kvb-tjas\/wp-json\/wp\/v2\/product_tag?post=1557"}],"curies":[{"name":"wp","href":"https:\/\/api.w.org\/{rel}","templated":true}]}}