{"id":2753,"date":"2022-11-08T14:40:23","date_gmt":"2022-11-08T13:40:23","guid":{"rendered":"https:\/\/www.kvibo.si\/kvb-tjas\/?page_id=2753"},"modified":"2023-06-12T21:36:42","modified_gmt":"2023-06-12T19:36:42","slug":"bolnisnice-in-domovi-starejsih-obcanov","status":"publish","type":"page","link":"https:\/\/www.kvibo.si\/kvb-tjas\/foodservice\/nase-stranke\/bolnisnice-in-domovi-starejsih-obcanov\/","title":{"rendered":"Bolni\u0161nice in domovi starej\u0161ih ob\u010danov"},"content":{"rendered":"<div class=\"wpb-content-wrapper\"><div class=\"vc_row wpb_row row top-row wpb_custom_034b39d9bc6c6b310d69e39f0ccf274f\"><div class=\"vc_column_container col-md-12\"><div class=\"wpb_wrapper vc_column-inner\"><div class=\"porto-u-heading  wpb_custom_95aa9a11c17ad45cfabaf210d84ee7cc porto-u-ad87e2eaf3f9c495180fe0156ddf3eb0 \"><div class=\"porto-u-main-heading\"><h2   style=\"margin-bottom: 10px;\">Bolni\u0161nice in domovi starej\u0161ih ob\u010danov<\/h2><\/div><div class=\"porto-u-heading-spacer line_only\" style=\"height:1px;\"><span class=\"porto-u-headings-line\" style=\"border-style:solid;border-bottom-width:1px;border-color:#1c9a38;width:150px;\"><\/span><\/div><style>.porto-u-ad87e2eaf3f9c495180fe0156ddf3eb0.porto-u-heading{text-align:left} .porto-u-ad87e2eaf3f9c495180fe0156ddf3eb0 .porto-u-headings-line{float: left;}<\/style><\/div><div class=\"vc_empty_space\"   style=\"height: 32px\"><span class=\"vc_empty_space_inner\"><\/span><\/div><\/div><\/div><\/div><div class=\"vc_row wpb_row row top-row vc_row-o-content-middle vc_row-flex wpb_custom_034b39d9bc6c6b310d69e39f0ccf274f\"><div class=\"vc_column_container col-md-4\"><div class=\"wpb_wrapper vc_column-inner\">\r\n\t<div class=\"wpb_single_image wpb_content_element vc_align_center wpb_content_element  wpb_custom_81a4f7ef9830bf958462581aa01150fb\"><div class=\"wpb_wrapper\">\r\n\t\t\t\r\n\t\t\t<div class=\"vc_single_image-wrapper vc_box_rounded  vc_box_border_grey\"><img loading=\"lazy\" decoding=\"async\" width=\"800\" height=\"800\" src=\"https:\/\/www.kvibo.si\/kvb-tjas\/wp-content\/uploads\/Nase-stranke_Uravnotezena-prehrana.jpg\" class=\"vc_single_image-img attachment-full\" alt=\"\" title=\"Na\u0161e stranke_Uravnote\u017eena prehrana\" srcset=\"https:\/\/www.kvibo.si\/kvb-tjas\/wp-content\/uploads\/Nase-stranke_Uravnotezena-prehrana.jpg 800w, https:\/\/www.kvibo.si\/kvb-tjas\/wp-content\/uploads\/Nase-stranke_Uravnotezena-prehrana-700x700.jpg 700w, https:\/\/www.kvibo.si\/kvb-tjas\/wp-content\/uploads\/Nase-stranke_Uravnotezena-prehrana-768x768.jpg 768w, https:\/\/www.kvibo.si\/kvb-tjas\/wp-content\/uploads\/Nase-stranke_Uravnotezena-prehrana-320x320.jpg 320w, https:\/\/www.kvibo.si\/kvb-tjas\/wp-content\/uploads\/Nase-stranke_Uravnotezena-prehrana-480x480.jpg 480w, https:\/\/www.kvibo.si\/kvb-tjas\/wp-content\/uploads\/Nase-stranke_Uravnotezena-prehrana-640x640.jpg 640w, https:\/\/www.kvibo.si\/kvb-tjas\/wp-content\/uploads\/Nase-stranke_Uravnotezena-prehrana-400x400.jpg 400w, https:\/\/www.kvibo.si\/kvb-tjas\/wp-content\/uploads\/Nase-stranke_Uravnotezena-prehrana-560x560.jpg 560w, https:\/\/www.kvibo.si\/kvb-tjas\/wp-content\/uploads\/Nase-stranke_Uravnotezena-prehrana-367x367.jpg 367w\" sizes=\"auto, (max-width: 800px) 100vw, 800px\" \/><\/div>\r\n\t\t<\/div>\r\n\t<\/div>\r\n<\/div><\/div><div class=\"vc_column_container col-md-8 vc_custom_1685800298613\"><div class=\"wpb_wrapper vc_column-inner\"><h2 style=\"font-size: 24px\" class=\"vc_custom_heading vc_do_custom_heading wpb_custom_aa365bd5046e8294520b4e73732b9d15 align-left\" >Na enem mestu prehrambeni izdelki iz vseh kategorij<\/h2>\r\n\t<div class=\"wpb_text_column wpb_content_element wpb_custom_7c91d232724f73626cc933bd95b25ff0\" >\r\n\t\t<div class=\"wpb_wrapper\">\r\n\t\t\t<p style=\"font-size: 12px; line-height: 2;\">V na\u0161em naboru boste na\u0161li prehrambene izdelke iz vseh kategorij, ki jih imamo stalno na zalogi. Izbirate lahko med sve\u017eimi in zamrznjenimi ribami in morskimi sade\u017ei, sve\u017eim in zamrznjenim mesom in mesnimi izdelki, sve\u017eo in zamrznjeno zelenjavo, sadjem in gobami, siri in mle\u010dnimi izdelki, konzerviranimi prehrambenimi izdelki, testeninami in ri\u017eem, osnovnimi \u017eivili, sladoled, embala\u017eo &#8230;<\/p>\n\r\n\t\t<\/div>\r\n\t<\/div>\r\n<\/div><\/div><\/div><div class=\"vc_row wpb_row row top-row wpb_custom_034b39d9bc6c6b310d69e39f0ccf274f\"><div class=\"vc_column_container col-md-12\"><div class=\"wpb_wrapper vc_column-inner\"><div class=\"vc_empty_space\"   style=\"height: 32px\"><span class=\"vc_empty_space_inner\"><\/span><\/div><\/div><\/div><\/div><div class=\"vc_row wpb_row row top-row vc_row-o-content-middle vc_row-flex wpb_custom_034b39d9bc6c6b310d69e39f0ccf274f\"><div class=\"vc_column_container col-md-8 vc_custom_1685800333430\"><div class=\"wpb_wrapper vc_column-inner\"><h2 style=\"font-size: 24px\" class=\"vc_custom_heading vc_do_custom_heading wpb_custom_aa365bd5046e8294520b4e73732b9d15 align-left\" >Sve\u017ee in lokalne ribe<\/h2>\r\n\t<div class=\"wpb_text_column wpb_content_element wpb_custom_7c91d232724f73626cc933bd95b25ff0\" >\r\n\t\t<div class=\"wpb_wrapper\">\r\n\t\t\t<p style=\"font-size: 12px; line-height: 2;\">Povezali smo se z ribarnicami po vsej Sloveniji, kjer vsakodnevno prevzemamo o\u010di\u0161\u010dene sve\u017ee ribe kot so \u0161arenka, krap in \u010dopovec. Ribarnice ribe za vas skrbno o\u010distijo, po \u017eelji filetirajo ali zmeljejo.<\/p>\n\r\n\t\t<\/div>\r\n\t<\/div>\r\n<\/div><\/div><div class=\"vc_column_container col-md-4\"><div class=\"wpb_wrapper vc_column-inner\"><div class=\"vc_row wpb_row vc_inner row\"><div class=\"vc_column_container col-md-12\"><div class=\"wpb_wrapper vc_column-inner\">\r\n\t<div class=\"wpb_single_image wpb_content_element vc_align_center wpb_content_element  wpb_custom_81a4f7ef9830bf958462581aa01150fb\"><div class=\"wpb_wrapper\">\r\n\t\t\t\r\n\t\t\t<div class=\"vc_single_image-wrapper vc_box_rounded  vc_box_border_grey\"><img loading=\"lazy\" decoding=\"async\" width=\"500\" height=\"500\" src=\"https:\/\/www.kvibo.si\/kvb-tjas\/wp-content\/uploads\/Stranke_Ribe.jpg\" class=\"vc_single_image-img attachment-full\" alt=\"\" title=\"Stranke_Ribe\" srcset=\"https:\/\/www.kvibo.si\/kvb-tjas\/wp-content\/uploads\/Stranke_Ribe.jpg 500w, https:\/\/www.kvibo.si\/kvb-tjas\/wp-content\/uploads\/Stranke_Ribe-320x320.jpg 320w, https:\/\/www.kvibo.si\/kvb-tjas\/wp-content\/uploads\/Stranke_Ribe-480x480.jpg 480w, https:\/\/www.kvibo.si\/kvb-tjas\/wp-content\/uploads\/Stranke_Ribe-400x400.jpg 400w, https:\/\/www.kvibo.si\/kvb-tjas\/wp-content\/uploads\/Stranke_Ribe-367x367.jpg 367w\" sizes=\"auto, (max-width: 500px) 100vw, 500px\" \/><\/div>\r\n\t\t<\/div>\r\n\t<\/div>\r\n<\/div><\/div><\/div><\/div><\/div><\/div><div class=\"vc_row wpb_row row top-row wpb_custom_034b39d9bc6c6b310d69e39f0ccf274f\"><div class=\"vc_column_container col-md-12\"><div class=\"wpb_wrapper vc_column-inner\"><div class=\"vc_empty_space\"   style=\"height: 32px\"><span class=\"vc_empty_space_inner\"><\/span><\/div><\/div><\/div><\/div><div class=\"vc_row wpb_row row top-row vc_row-o-content-middle vc_row-flex wpb_custom_034b39d9bc6c6b310d69e39f0ccf274f\"><div class=\"vc_column_container col-md-4\"><div class=\"wpb_wrapper vc_column-inner\">\r\n\t<div class=\"wpb_single_image wpb_content_element vc_align_center wpb_content_element  wpb_custom_81a4f7ef9830bf958462581aa01150fb\"><div class=\"wpb_wrapper\">\r\n\t\t\t\r\n\t\t\t<div class=\"vc_single_image-wrapper vc_box_rounded  vc_box_border_grey\"><img loading=\"lazy\" decoding=\"async\" width=\"500\" height=\"500\" src=\"https:\/\/www.kvibo.si\/kvb-tjas\/wp-content\/uploads\/Nase-stranke_Lokalno.jpg\" class=\"vc_single_image-img attachment-full\" alt=\"\" title=\"Nase-stranke_Lokalno\" srcset=\"https:\/\/www.kvibo.si\/kvb-tjas\/wp-content\/uploads\/Nase-stranke_Lokalno.jpg 500w, https:\/\/www.kvibo.si\/kvb-tjas\/wp-content\/uploads\/Nase-stranke_Lokalno-320x320.jpg 320w, https:\/\/www.kvibo.si\/kvb-tjas\/wp-content\/uploads\/Nase-stranke_Lokalno-480x480.jpg 480w, https:\/\/www.kvibo.si\/kvb-tjas\/wp-content\/uploads\/Nase-stranke_Lokalno-400x400.jpg 400w, https:\/\/www.kvibo.si\/kvb-tjas\/wp-content\/uploads\/Nase-stranke_Lokalno-367x367.jpg 367w\" sizes=\"auto, (max-width: 500px) 100vw, 500px\" \/><\/div>\r\n\t\t<\/div>\r\n\t<\/div>\r\n<\/div><\/div><div class=\"vc_column_container col-md-8 vc_custom_1685800320223\"><div class=\"wpb_wrapper vc_column-inner\"><h2 style=\"font-size: 24px\" class=\"vc_custom_heading vc_do_custom_heading wpb_custom_aa365bd5046e8294520b4e73732b9d15 align-left\" >Lokalni prehrambeni izdelki<\/h2>\r\n\t<div class=\"wpb_text_column wpb_content_element wpb_custom_7c91d232724f73626cc933bd95b25ff0\" >\r\n\t\t<div class=\"wpb_wrapper\">\r\n\t\t\t<p style=\"font-size: 12px; line-height: 2;\">Slovenija je de\u017eela bogatih okusov. Tudi v na\u0161em naboru imamo <strong>slovenske lokalne<\/strong> prehrambne izdelke kot so Idrijski \u017elikrofi, Kranjska klobasa, bio r\u017eena moka, vinski kis, jabol\u010dni kis in sve\u017ea zelenjava (solata, \u010debula, zelje, repa).<\/p>\n\r\n\t\t<\/div>\r\n\t<\/div>\r\n<\/div><\/div><\/div><div class=\"vc_row wpb_row row top-row wpb_custom_034b39d9bc6c6b310d69e39f0ccf274f\"><div class=\"vc_column_container col-md-12\"><div class=\"wpb_wrapper vc_column-inner\"><div class=\"vc_empty_space\"   style=\"height: 32px\"><span class=\"vc_empty_space_inner\"><\/span><\/div><\/div><\/div><\/div><div class=\"vc_row wpb_row row top-row vc_row-o-content-middle vc_row-flex wpb_custom_034b39d9bc6c6b310d69e39f0ccf274f\"><div class=\"vc_column_container col-md-8 vc_custom_1685800458743\"><div class=\"wpb_wrapper vc_column-inner\"><h2 style=\"font-size: 24px\" class=\"vc_custom_heading vc_do_custom_heading wpb_custom_aa365bd5046e8294520b4e73732b9d15 align-left\" >Skupaj prihranimo \u010das<\/h2>\r\n\t<div class=\"wpb_text_column wpb_content_element wpb_custom_7c91d232724f73626cc933bd95b25ff0\" >\r\n\t\t<div class=\"wpb_wrapper\">\r\n\t\t\t<p style=\"font-size: 12px; line-height: 2;\">Pripravljeni izdelki so postali del osnovne kuhinje. Vsem v\u010dasih primanjkuje \u010dasa in si z nakupom predpripravljnih izdelkov <strong>prihranimo nekaj ur dela<\/strong>. V na\u0161em naboru izpostavljamo:<br \/>\n\u2013 za kosila: pripravljene pe\u010denke, sarme, polnjene paprike, predpe\u010deni panirani zrezki, kaneloni<br \/>\n\u2013 priloge: predkuhan krompir, pire, predocvrt hrustljav krompir\u010dek v razli\u010dnih oblikah<\/p>\n\r\n\t\t<\/div>\r\n\t<\/div>\r\n<\/div><\/div><div class=\"vc_column_container col-md-4\"><div class=\"wpb_wrapper vc_column-inner\">\r\n\t<div class=\"wpb_single_image wpb_content_element vc_align_center wpb_content_element  wpb_custom_81a4f7ef9830bf958462581aa01150fb\"><div class=\"wpb_wrapper\">\r\n\t\t\t\r\n\t\t\t<div class=\"vc_single_image-wrapper vc_box_rounded  vc_box_border_grey\"><img loading=\"lazy\" decoding=\"async\" width=\"800\" height=\"800\" src=\"https:\/\/www.kvibo.si\/kvb-tjas\/wp-content\/uploads\/Stranke_Pecenka.jpg\" class=\"vc_single_image-img attachment-full\" alt=\"\" title=\"Stranke_Pe\u010denka\" srcset=\"https:\/\/www.kvibo.si\/kvb-tjas\/wp-content\/uploads\/Stranke_Pecenka.jpg 800w, https:\/\/www.kvibo.si\/kvb-tjas\/wp-content\/uploads\/Stranke_Pecenka-700x700.jpg 700w, https:\/\/www.kvibo.si\/kvb-tjas\/wp-content\/uploads\/Stranke_Pecenka-768x768.jpg 768w, https:\/\/www.kvibo.si\/kvb-tjas\/wp-content\/uploads\/Stranke_Pecenka-320x320.jpg 320w, https:\/\/www.kvibo.si\/kvb-tjas\/wp-content\/uploads\/Stranke_Pecenka-480x480.jpg 480w, https:\/\/www.kvibo.si\/kvb-tjas\/wp-content\/uploads\/Stranke_Pecenka-640x640.jpg 640w, https:\/\/www.kvibo.si\/kvb-tjas\/wp-content\/uploads\/Stranke_Pecenka-400x400.jpg 400w, https:\/\/www.kvibo.si\/kvb-tjas\/wp-content\/uploads\/Stranke_Pecenka-560x560.jpg 560w, https:\/\/www.kvibo.si\/kvb-tjas\/wp-content\/uploads\/Stranke_Pecenka-367x367.jpg 367w\" sizes=\"auto, (max-width: 800px) 100vw, 800px\" \/><\/div>\r\n\t\t<\/div>\r\n\t<\/div>\r\n<\/div><\/div><\/div>\n<\/div>","protected":false},"excerpt":{"rendered":"Bolni\u0161nice in domovi starej\u0161ih ob\u010danov Na enem mestu prehrambeni izdelki iz vseh kategorij V na\u0161em naboru boste na\u0161li prehrambene izdelke iz vseh kategorij, ki jih imamo stalno na zalogi. Izbirate lahko med sve\u017eimi in zamrznjenimi ribami in morskimi sade\u017ei, sve\u017eim in zamrznjenim mesom in mesnimi izdelki, sve\u017eo in zamrznjeno zelenjavo, sadjem in gobami, siri in [...]","protected":false},"author":1,"featured_media":0,"parent":4022,"menu_order":0,"comment_status":"closed","ping_status":"closed","template":"","meta":{"_acf_changed":false,"footnotes":""},"class_list":["post-2753","page","type-page","status-publish","hentry"],"acf":[],"_links":{"self":[{"href":"https:\/\/www.kvibo.si\/kvb-tjas\/wp-json\/wp\/v2\/pages\/2753","targetHints":{"allow":["GET"]}}],"collection":[{"href":"https:\/\/www.kvibo.si\/kvb-tjas\/wp-json\/wp\/v2\/pages"}],"about":[{"href":"https:\/\/www.kvibo.si\/kvb-tjas\/wp-json\/wp\/v2\/types\/page"}],"author":[{"embeddable":true,"href":"https:\/\/www.kvibo.si\/kvb-tjas\/wp-json\/wp\/v2\/users\/1"}],"replies":[{"embeddable":true,"href":"https:\/\/www.kvibo.si\/kvb-tjas\/wp-json\/wp\/v2\/comments?post=2753"}],"version-history":[{"count":0,"href":"https:\/\/www.kvibo.si\/kvb-tjas\/wp-json\/wp\/v2\/pages\/2753\/revisions"}],"up":[{"embeddable":true,"href":"https:\/\/www.kvibo.si\/kvb-tjas\/wp-json\/wp\/v2\/pages\/4022"}],"wp:attachment":[{"href":"https:\/\/www.kvibo.si\/kvb-tjas\/wp-json\/wp\/v2\/media?parent=2753"}],"curies":[{"name":"wp","href":"https:\/\/api.w.org\/{rel}","templated":true}]}}